common divisor of q and z.
8
Suppose -2*a - 2*t = -0*a - 156, -a = -2*t - 69. Let b be 2940/a + (-1)/5. What is the greatest common factor of 6 and b?
3
Suppose -4502*w + 369 = -4501*w. What is the greatest common factor of w and 189?
9
Suppose 116 + 1564 = 12*n. Let s = n + -101. What is the highest common divisor of s and 26?
13
Suppose -3*i + 3441 = 4*t - 22916, 13178 = 2*t + 2*i. What is the greatest common factor of 10 and t?
10
Let a(h) = h**3 + 32*h**2 + 67*h + 220. Let x be a(-30). Let c = 14 + -9. What is the highest common factor of c and x?
5
Let y(r) = 5*r**2 + r - 7. Let x be y(5). Let u(q) = 2*q**2 - 28*q + 82. Let f be u(14). What is the highest common divisor of f and x?
41
Let s be (-3 - 112/(-6))*3. Suppose 44*q = s*q - 141. Let c(o) = -3*o + 120. Let r be c(-7). Calculate the greatest common divisor of r and q.
47
Let p be (275/165)/(20/123696). What is the highest common divisor of 12 and p?
12
Suppose 0 = -r + 11 + 1. Suppose 3*h = l - 4, 0 = 2*h - 5*l - 4 - 2. Let f be (-3 + 5 - 1)/(h/(-60)). What is the highest common factor of r and f?
6
Suppose 5*x = 5*f - 3*f - 1257, -2*f + 2*x + 1266 = 0. Let r(p) = 6*p**2 + 1425*p + 5628. Let i be r(-4). What is the highest common factor of f and i?
12
Suppose 5*o = 10*o + 5. Let s be (2970/75)/(o/(-25)). Suppose -s = -4*g - 7*g. What is the greatest common factor of g and 30?
30
Suppose -2*m + a = -2608, -4*m - 264 = -a - 5482. Let j = m + -986. What is the highest common divisor of 58 and j?
29
Let z be ((-21)/14)/(3*2/(-944)). Calculate the greatest common factor of 1121 and z.
59
Let w = -1751 - -1806. Calculate the greatest common factor of w and 803.
11
Let i(u) = -u**3 - 7*u + 9526. Let l be i(0). Calculate the greatest common factor of 22 and l.
22
Let h be (39/(-6))/(4/(-8)). Let g(k) = 2*k - 37. Let f be g(19). Let r be f + -4 - 1 - (1 + -18). Calculate the highest common factor of r and h.
13
Let o = 358 - 358. Suppose -3*u + 92 = -5*t - 18, o = -2*t + 4. What is the greatest common factor of u and 8?
8
Suppose -74 = -2*h + 5*p, 14*p - 17*p - 204 = -5*h. What is the highest common divisor of h and 2366?
14
Suppose f - 5*w = 67, -11*f = -13*f + 5*w + 144. Let h = -2 + 1. Let z(d) = 10*d**2 - 2*d - 1. Let b be z(h). What is the highest common factor of b and f?
11
Let i(v) be the second derivative of -17*v**3/6 - 93*v**2/2 - 9*v. Let k be i(-7). Calculate the greatest common factor of k and 65.
13
Let c = 348 + -344. Let q(s) = -17*s - 15. Let p be q(-3). Calculate the greatest common factor of p and c.
4
Let s = -389 - -518. What is the greatest common factor of 3096 and s?
129
Suppose 0 = 7*p + 186 - 298. Suppose p*u - 180 = -2*u. What is the greatest common divisor of u and 1030?
10
Suppose -2*s = -7*s - b + 2021, 10*b - 1269 = -3*s. What is the highest common divisor of 325 and s?
13
Let i = 45 - 45. Suppose 4*c + 4*z - 4 = i, -4*c + 5*z - 5 = -2*c. Suppose 3*a - 174 + 3 = c. Calculate the highest common divisor of 19 and a.
19
Suppose 2*g - 5*v - 14582 = 0, -20*v - 29108 = -4*g - 24*v. What is the highest common factor of g and 9?
9
Let f be 1*(-72)/(-15)*10/4. Let i be 45/f*10*(-48)/(-20). What is the greatest common factor of i and 20?
10
Let h(c) = -c**2 - 31*c + 67. Let u be h(-33). Let o(b) = 100*b**2 - 3*b + 3. Let n be o(u). Calculate the greatest common factor of n and 80.
20
Suppose -5*b + 6*b - 264 = 0. Let k = -194 + b. Calculate the highest common factor of 28 and k.
14
Let v(k) = 3*k + 85. Let f be v(-27). Suppose 5*b + 361 = f*c, 2*c + 445 = 7*c - 5*b. What is the highest common factor of 21 and c?
21
Let r = -7407 + 7427. What is the highest common divisor of 724 and r?
4
Suppose 409*x = 405*x + 2816. Suppose -5*c = -166 - x. Calculate the greatest common factor of 58 and c.
58
Suppose -27*n + 1080 = 63*n. What is the greatest common factor of 1626 and n?
6
Let d(o) = -22*o**3 - 2*o**2. Let i be d(-2). Suppose 0 = -5*a - 33 + i. Calculate the greatest common factor of a and 216.
27
Let w = 2156 + -2154. What is the greatest common divisor of w and 9?
1
Let u(n) = 5*n**2 - 2*n + 1. Let o be u(1). Suppose o*l = 20 - 52. Let h be 30 + (l + 9)/((-2)/(-2)). What is the greatest common divisor of 341 and h?
31
Let d(n) = 2*n**3 - 88*n**2 + 42*n - 35. Let o be d(45). What is the highest common factor of o and 5?
5
Suppose -v + 3 = -8. Let q be 2/3 - (-84)/(-126). Suppose 19 = 5*w + 39, -5*a + w + 279 = q. Calculate the greatest common divisor of v and a.
11
Suppose 3*v - 14 = -5. Let t(g) = -g**2 - 35*g - 301. Let r be t(-19). Suppose -v*h = f, 3*f + r*h = 6*f - 60. Calculate the highest common factor of 135 and f.
15
Suppose -5*c - 34 = -139. Let l = 69 - c. Calculate the greatest common factor of 72 and l.
24
Let s be 56*1/((-6)/(-15)). Suppose -s = -3*h - 2*h. Let k be 10*486/60 - 11. What is the highest common factor of h and k?
14
Let p(k) = 2*k - 21. Let s(v) = v**3 + v**2 + 3*v - 3. Let r be s(2). Let z be p(r). What is the highest common factor of z and 15?
3
Let g = -278771 - -278781. Let h be 2/(-4) - 10/(-4). Suppose 0 = -3*s - 4*w + 406, 3*s - 6*s + 382 = -h*w. Calculate the greatest common divisor of g and s.
10
Let r(j) = -49*j + 1. Let a be r(-1). Let c(l) = 3*l - 21. Let o be c(0). Let m = 41 + o. Calculate the greatest common factor of m and a.
10
Suppose 0 = 4*y + 22*y - 1690. Let o be (4 + (-55)/25)*y. What is the greatest common divisor of 13 and o?
13
Let y(c) = 8*c + 35. Let z(m) = m. Let t(q) = 2*y(q) - 18*z(q). Let h be t(28). Calculate the greatest common divisor of h and 2.
2
Let j = 24088 - 21143. What is the greatest common factor of j and 2015?
155
Let o = 7 + 8. Let b be 13/(117/3321) - ((-5 - -2) + -3). Calculate the greatest common factor of o and b.
15
Let c(p) = -63 - 7*p - 30 + 3*p**2 + 18*p - 2*p**2. Let q be c(-17). Calculate the greatest common divisor of q and 225.
9
Suppose -4*n + 12 = 4*m, 27*n - 26*n + 30 = 2*m. Let z be (-34)/8*2*-22. Calculate the greatest common divisor of m and z.
11
Suppose 0 = -5*o - 5*v + 23055 + 27110, o + 5*v - 10061 = 0. Calculate the highest common factor of 18 and o.
18
Suppose 153*s - 960126 = -93*s + 184758. What is the greatest common factor of s and 39?
13
Let y(h) = -h + 77. Suppose 6*m - 2*m - r = 48, 0 = 4*m + 5*r - 72. Let c be y(m). Suppose 29 + 19 = 3*a. Calculate the highest common factor of a and c.
16
Suppose -31*z + 5764 + 38165 = -10321. Calculate the greatest common factor of 80 and z.
10
Let o(p) = 9*p**3 - 3*p**2 + 47*p - 143. Let a be o(4). What is the greatest common divisor of 4966 and a?
191
Let y(s) = -s**3 - 6*s**2 + 3*s - 6. Let m(b) = -4*b - 60. Let l be m(-13). Let p be y(l). What is the highest common divisor of p and 14?
14
Suppose -4*g + 88 = 196. Let q = g + 151. What is the highest common factor of 31 and q?
31
Let w = -12456 + 18887. Calculate the greatest common factor of 59 and w.
59
Suppose 2*h + 18 = 4*v, -3*h + 6*h + 12 = v. Let l be (7 - v)*6/8. Suppose -l*o + 37 = -44. Calculate the highest common divisor of o and 9.
9
Let f be 2185/(-15) - 3/9. Let j = f + 206. What is the greatest common divisor of 12 and j?
12
Let o(s) = 3*s**3 + 58*s**2 + 18*s - 1. Let j be o(-19). Suppose 103 + 103 = 2*h + 4*f, 4*f + 388 = 4*h. What is the highest common factor of j and h?
9
Let z be (-12)/(-3) - 3 - -53. Let d(n) = -3 + 2*n - 4*n - 4*n - 30. Let s be d(-10). Calculate the greatest common factor of s and z.
27
Suppose -106*t = -44*t + 181*t - 6318. Let n be (-3 - -2) + 2 - -22. Let a = n + -10. Calculate the highest common divisor of a and t.
13
Suppose 3*t - w + 17 = 0, 2*w + 6 - 4 = 0. Let b be (-3)/t*102 - -1. What is the greatest common factor of 39 and b?
13
Suppose -2*h - t - 1323 = 2*t, h + 2*t = -662. Let w be 2/7 + h/(-42). Suppose 2 = -k + 5*f, -6 = -k - f + w. What is the highest common factor of k and 27?
9
Suppose 0 = -192*d + 191*d - 8, 5*n - 2*d - 3371 = 0. Calculate the highest common factor of n and 55.
11
Let h be 6/(-4) + (157/8)/((-56)/(-1120)). What is the highest common factor of 17 and h?
17
Let l = 1422 - 1421. Suppose y - 4*y = -21. Suppose 2*q + 4*g = -2, 0*g + 2*g + y = 5*q. What is the greatest common factor of l and q?
1
Suppose 3*r - 2897 = 5*x + 3560, -4*r = 4*x - 8556. Calculate the greatest common factor of 1273 and r.
67
Supp